((-6)/8). What are the prime factors of 67 - (0 - x - -4)/(-1)?
2, 5, 7
Let z be (-105)/84 + (-2)/(-8). List the prime factors of ((-6)/(-9)*z)/(2/(-357)).
7, 17
Suppose 10*p + 17940 = 56883 + 83407. What are the prime factors of p?
5, 2447
Let h = -81 + 55. Let r be h*(-4)/16 - (-6)/(-4). Suppose -r*w + 3*v + 201 = 0, -w + v - 4*v = -33. What are the prime factors of w?
3, 13
Suppose 3*w = -w + 4*l - 4, -4*l - 4 = -2*w. Let x be (1 - -226*(-4)/16)*w. Let f = x + -137. What are the prime factors of f?
5, 17
Suppose 7*j + 21 = 21. Suppose -3*q + 771 = 5*t - 539, 4*q - 20 = j. Suppose 0 = 3*f - 149 - t. What are the prime factors of f?
2, 17
What are the prime factors of (-10)/55 + 1013911/407?
47, 53
Let b be (4/2 + -1)*84. Let x = -1336 + 1507. Let d = x - b. List the prime factors of d.
3, 29
Let y(r) be the first derivative of r**6/360 + r**5/10 - r**4/12 + 20*r**3/3 - 37. Let h(x) be the third derivative of y(x). List the prime factors of h(-17).
83
Let p = -14895 + 32144. List the prime factors of p.
47, 367
Let h(j) = 7*j - 51. Let w be h(8). Suppose 3*q - 3*x = 2415, 3*q + w*x + 0*x = 2439. What are the prime factors of q?
2, 101
Let i(v) = v**2 - 2. Let k(t) = 2*t**3 - 8*t**2 + 10*t - 21. Let f(b) = -5*i(b) + k(b). What are the prime factors of f(11)?
2, 3, 11
Let n be -5 - (2/(-8) + (-315)/36). Suppose y = -n*y + 455. List the prime factors of y.
7, 13
Let z be 1/(-7) - (-5)/35. Suppose -109 = -2*j + 8*i - 3*i, 4*j - 4*i - 236 = z. What are the prime factors of (j/4)/((-9)/(-54))?
3, 31
Let r be (-6)/(-1*3) - (20 - -623). Let u = -433 - r. List the prime factors of u.
2, 13
Let h = 646 + -613. Suppose -25939 - 24914 = -h*a. List the prime factors of a.
23, 67
Let y be 29/((-1131)/(-52))*(-3)/2. What are the prime factors of 50/((-7)/y - 3)?
2, 5
Suppose -4*a = 3*k - 121120, -657*a + 655*a = 5*k - 60532. List the prime factors of a.
2, 19, 797
Let r = -2 + 0. Let v be r - 0 - (-5 + 3). Suppose 5*q - 15 = v, q - 15 = -3*y + 4*q. What are the prime factors of y?
2
Suppose 19*y = 3*d + 493654, 5*y - d = 86039 + 43871. What are the prime factors of y?
25981
Suppose -5*q + 4*b = -140438, 21*q + 4*b = 22*q - 28078. List the prime factors of q.
2, 5, 53
Let r = 32 + 32. List the prime factors of (-2874)/(-4)*(r/(-12) - -6).
479
Suppose 2*k - 1056 = 4*k. Let c be (k/5)/(-4*2/40). Suppose 56 + c = 8*p. List the prime factors of p.
73
Let w = 470 - 475. Let n(b) = 26*b**2 - 11*b - 28. What are the prime factors of n(w)?
677
Suppose -99291 = -3*j - 2*d, -165517 = -5*j + 47*d - 45*d. What are the prime factors of j?
79, 419
Suppose 13*c - 144 = 5*c. What are the prime factors of (-641)/(-1) - c/6?
2, 11, 29
Let x be (1 + (0 - -2))*624/36. Let n = 156 + x. List the prime factors of n.
2, 13
Let h(w) = 697*w + 93. Let t be h(2). Let f = t + -819. What are the prime factors of f?
2, 167
Let g(j) = -31947*j**3 + 150*j**2 + 146*j - 4. List the prime factors of g(-1).
3, 23, 463
Let t(x) = 2*x**3 + 2*x**2 - 27. Let q be t(8). Let g = 1597 - q. List the prime factors of g.
2, 59
Let c(t) = -34*t + 162. Let n be c(12). Let p = n - -315. What are the prime factors of p?
3, 23
Let b be (80/(-60))/(2/(-3)). What are the prime factors of (20/9 - b) + 212/18?
2, 3
Let a = -696 + 1927. Suppose -5*l + 5656 = a. List the prime factors of l.
3, 5, 59
Let n = 37 + -35. Suppose f - n*f = 0. Let g(m) = -m**3 - m**2 + 2*m + 3. What are the prime factors of g(f)?
3
What are the prime factors of (46/4)/((-24722)/(-55584) + 68/(-153))?
2, 23, 193
Let x(b) = 2*b**3 + 27*b**2 + 7*b + 81. What are the prime factors of x(13)?
3, 17, 179
Let v = 3271 + 10517. List the prime factors of v.
2, 3, 383
Suppose 910 - 1182 = 8*l. Let s(i) = -i**3 - 32*i**2 + 59*i + 30. List the prime factors of s(l).
2, 3, 7
Suppose -2*r - 15*r + 6850 = -16*r. What are the prime factors of r?
2, 5, 137
Suppose 4*o = 2*o + 66. Suppose -4*v - 128 = -36*v. Suppose -v*c - o = -141. What are the prime factors of c?
3
Suppose -4*h - 4 = -4*t, t - 1 = -0*t - 5*h. Let d(j) = -100*j + 9. Let o(y) = -25*y + 2. Let f(b) = 6*d(b) - 26*o(b). What are the prime factors of f(t)?
2, 13
Let u = 1807 - -2944. List the prime factors of u.
4751
Suppose z - 6*n = -n + 1134, -5*n + 20 = 0. Suppose 5*g - 6*g + 5 = 0, 2*g - z = -4*q. What are the prime factors of q?
2, 11, 13
Let f(b) = 31331*b**2 + 122*b - 115. What are the prime factors of f(1)?
2, 3, 1741
List the prime factors of (14 - 7)*2 + 14060.
2, 31, 227
Suppose -s = -5*c + 52257, 3*c + 7*s = 2*s + 31343. List the prime factors of c.
7, 1493
Let n(s) = 18*s**2 - 47*s - 366. What are the prime factors of n(-34)?
2, 5, 19, 29
Let c(v) = -2*v**3 - 32*v**2 - 48*v - 1145. What are the prime factors of c(-33)?
5, 59, 127
Suppose -16859 = -3*t + 3*m + 80746, 2*t = m + 65067. What are the prime factors of t?
2, 3, 2711
Let r = -19806 + 31459. List the prime factors of r.
43, 271
List the prime factors of (103/4 - 32/(-128))*693/9.
2, 7, 11, 13
Suppose -x + 5 = -0*h + 5*h, 0 = 5*h + 5*x - 25. Suppose 26*b - 3343 - 9345 = h. What are the prime factors of b?
2, 61
Let a be (4 - 608/24)/(4/(-4518)). Suppose 0 = 10*i + 6*i - a. List the prime factors of i.
2, 3, 251
Suppose -3*j - 5*c = -28780, j - 6*c + 2*c = 9565. Suppose -9*h - j = -18*h. What are the prime factors of h?
3, 5, 71
Let c(x) = 28*x + 13. Let k be c(-3). What are the prime factors of (-2 - -4)/(-2) - k?
2, 5, 7
Suppose 3*c = 4*j - 1832, 4*c - 5*j = -4*j - 2421. Let w = 72 - c. List the prime factors of w.
2, 13
What are the prime factors of ((-23685)/(-5))/(33/(-22)*-2)?
1579
Let g be (-5)/20 - 7/(140/(-14505)). Let v = g - -756. List the prime factors of v.
1481
Let f be 6 - (-6)/(-3)*2. Suppose -4*k - 2*l - 6 = -16, 17 = 5*k - f*l. Suppose 81 = -4*v - j + 252, 9 = k*j. List the prime factors of v.
2, 3, 7
Suppose -9*s = -5*s - 140. Let j = s + -37. What are the prime factors of 20/8*(-76)/j?
5, 19
Let l(p) = 1872*p**3 - 2*p**2 - 292*p + 293. What are the prime factors of l(1)?
1871
Suppose -6837 = -2*i - 5*v, 89*i - 13723 = 85*i - 3*v. What are the prime factors of i?
2, 859
Let b(y) = -2*y + 99 - y + 13*y. What are the prime factors of b(20)?
13, 23
Suppose -95*x - 182*x = -2508789. What are the prime factors of x?
3, 3019
Let t(o) = o**3 - 19*o**2 - 19*o - 21. Let u be t(20). What are the prime factors of u/(-2) + 5132/8?
2, 3, 107
Let m(i) = 2*i**2 + 11. Let y(k) = -k**2 - 3*k - 6. Let u(s) = s. Let f(d) = -3*u(d) - y(d). Let v(z) = -5*f(z) + 3*m(z). What are the prime factors of v(4)?
19
List the prime factors of 96555 + -27 + 39 + 0.
3, 32189
Suppose 223*g - 250*g + 309366 = 0. List the prime factors of g.
2, 17, 337
Suppose 82*d + 87*d = 158*d + 649132. List the prime factors of d.
2, 14753
Let j be (-2)/6 - (-208)/3. Let i = -2541 - -2644. Suppose -2*y + i = -4*m + 1, 4*m - j = -y. What are the prime factors of y?
3, 19
Let z(p) = -p**2 - 159*p - 313. Let k be z(-2). Suppose l + 2 = 3. What are the prime factors of (16 + -55)*(k/3 - l)?
2, 13
Suppose 0 = 5*r - 9*r + 4. What are the prime factors of 156860/484 + r/(-11)?
2, 3
Suppose -4*u = -2*b + 10, b - 9 + 4 = 3*u. Suppose 5*k + b*q = 4620, -5*k - 3*q - 1587 + 6213 = 0. What are the prime factors of k?
3, 103
Let f(o) = 308*o + 70. Let b be f(-10). What are the prime factors of b/21*(-36)/20?
2, 3, 43
Let v be (-240)/(24/108 + (-176)/873). List the prime factors of (-2*1)/(60/v).
2, 97
Let w(i) = -10*i**2 + 24*i - 3. Let t(g) = g**2 + 4*g - 1. Let x(j) = 5*t(j) - w(j). Let u = 4 + -6. List the prime factors of x(u).
2, 3, 11
What are the prime factors of (37 - -1 - 17) + 53595?
2, 3, 1117
Suppose -13*b + 18*b - 20 = 0. Let t = 3 - b. List the prime factors of (1 - 1) + t + 103.
2, 3, 17
Let d(n) = -3252*n - 9129. What are the prime factors of d(-14)?
3, 11, 1103
What are the prime factors of (8 - -1) + -8 + 18086?
3, 6029
Suppose 2*y = 9*y + 35. Let j = y - 21. Let q = 20 - j. List the prime factors of q.
2, 23
Let u = -236 - -245. Suppose u*q - 1085 = 31. List the prime factors of q.
2, 31
Let s be (-3 - -1)/(-8) - 4200/(-480). Suppose s*c - 1635 = 876. What are the prime factors of c?
3, 31
Suppose 0 = -6*w + 1 - 37. Let h be (-1 - w/(-3)) + (-1 - -18). Suppose -h*z + 27*z - 3159 = 0. List the prime factors of z.
3
Let m = -507 + 510. Suppose 